 of p?
3
Let z be 0 + -3 + 0 - -8. Suppose 3*x + 9 = 0, -j + z*x + 16 = -2. What is the units digit of j - (-3 - (20 - 3))?
3
Let w = 2258 - -1156. What is the units digit of w?
4
Let p(b) = 4*b**2 + 7*b - 13. Let u = -108 - -101. What is the hundreds digit of p(u)?
1
Suppose -4*t + t + 6 = 0. Suppose -g = -t*g - 6. What is the tens digit of (-3)/g - 42/(-4)?
1
Let r = 6433 - 4075. What is the tens digit of r?
5
Let j = 13 - 11. Let i be (-3)/(9/69) + j. What is the tens digit of (-218)/(-14) + i/(-49)?
1
Suppose 5*t + 34 + 1 = 0. Let c(j) = j**3 + 7*j**2 - j - 7. Let k be c(t). What is the units digit of k - 1 - (-104)/4?
5
Let o = -140 - -144. What is the hundreds digit of (-10)/(-40) - (-1 - 599/o)?
1
Let r be 12/54 - (-1268)/(-36). What is the tens digit of (-4 + r + -1)*(-27)/6?
8
Suppose 0*o - 4*o + 56 = 0. Let b = o - 35. What is the tens digit of 3 - (b - (-2 - -3))?
2
Suppose 0 = -c + j - 2*j + 2673, 2*c + j - 5350 = 0. What is the thousands digit of c?
2
Suppose 3*g = -4*c - 31, -c + 1 = -g - 0*g. Let r = 9 - g. What is the units digit of r?
4
Suppose 55*f - 654 = -159. What is the units digit of f?
9
Suppose 29 = p - 10. Suppose 3*m - p = -a, 4*a + m = 2*m + 117. Suppose -a = -3*o + 2*o. What is the tens digit of o?
3
Let h(j) = 2*j**2 + 8*j + 2. Let s be h(-4). Suppose -r + 4*g = -14, -s*r - 3*g + 28 = -r. What is the tens digit of r?
2
Let c = 220 + -105. Let g = c - 29. What is the tens digit of g?
8
Suppose 0 = -7*h + 8*h + 1. What is the hundreds digit of h/(-3) + (-11214)/(-54)?
2
Suppose 4*r - 4174 = 5*c, -c + 5211 = 5*r - 4*c. What is the units digit of r?
1
What is the units digit of (-316 + 7)*16/(-12)?
2
Let h be 6/(-9) - (-174)/18. What is the units digit of (122/(-4))/(h/(-18))?
1
Let g(h) = 4*h**2 - 9*h - 145. What is the hundreds digit of g(-22)?
9
Let x(b) = 6*b**3 - 5*b**3 + 19 + 20*b**2 - 17*b + b**3 - 3*b**3. What is the tens digit of x(19)?
5
Suppose 3*i - 6*i = -219. Let c = i + -22. What is the tens digit of c?
5
What is the hundreds digit of 12/84*1530*7?
5
Let m(t) = -t**2 - 2*t + 98. Let l be 2/8 + (-7)/28. What is the units digit of m(l)?
8
Let t = -657 - -1532. What is the hundreds digit of t?
8
Suppose -3*c = -878 - 634. What is the tens digit of c?
0
Let n = -6297 - -10885. What is the hundreds digit of n?
5
What is the tens digit of (-7 - (1 + -14))/(2/83)?
4
Let v be (-1)/1*18/(-6). Let y(m) = 8*m**3 + 5*m**2 - 3. Let d be y(v). What is the tens digit of -1 + 5 - d/(-6)?
4
Suppose 0 = -4*x + 227 + 101. What is the units digit of x?
2
What is the hundreds digit of ((-896)/(-168))/(4/1194)?
5
Let l(v) = 4*v - 5. Let r be l(6). Suppose 2*g = 2*k - 0*k + 26, g - 4*k = r. What is the units digit of g?
1
Suppose 256*g + 7443 = 265*g. What is the tens digit of g?
2
Let w(n) = -2 + 4*n - 4 + 1 + 2 - n**2. Let h be w(4). Let i(a) = -12*a + 5. What is the tens digit of i(h)?
4
Let t = 0 + 14. Let s = t + -11. Suppose 60 = s*i - 0*i. What is the units digit of i?
0
Suppose 0 = -0*p + 4*p - 4*i - 1148, -2*p = 4*i - 544. What is the tens digit of p?
8
Suppose 4*l + 3 = 5*v, 3*v - l - 6 = -0*v. Suppose -345 = -6*d + v*d. What is the hundreds digit of d?
1
Let l = 1 - 6. Let z = 8 - 4. What is the units digit of z/(-10) - 107/l?
1
Let p be 12/16*(8 - (-1 + 1)). Suppose 114 = p*s + 18. What is the units digit of s?
6
Let j be (6/9)/(2/6). Let g = 4 - j. Let u = 7 - g. What is the units digit of u?
5
Suppose 6*d = 9*d. Suppose -4*x + 3*x = 3*n - 9, d = 5*n + 5. What is the units digit of x?
2
Let j be ((-7)/(-1))/(4/64). Let n be (j/24)/(1/9). Suppose 4*g - g - n = 0. What is the units digit of g?
4
Let g(a) = 3*a**3 - 2*a**2 - 2*a + 2. Let x be 5/15*(2 + -2). Suppose 5*b - 10 = -x. What is the units digit of g(b)?
4
Let m(u) = -11*u - 14. Let y(f) = -10*f - 14. Let s(j) = 3*m(j) - 2*y(j). What is the units digit of s(-11)?
9
Suppose -4*c = 2*n + n - 18267, 5*n + 4*c = 30453. What is the tens digit of n?
9
What is the units digit of -1 - (15/25 + 5133/(-5))?
5
Let z(j) = -j + 1. Let b be z(-6). Suppose -3*v - 2*f + 284 = -b*f, 2*f = -2*v + 168. What is the units digit of v?
8
Let z(k) = k**3 + 3*k**2 - 18*k - 5. What is the thousands digit of z(13)?
2
Suppose 177*t - 165*t - 51528 = 0. What is the units digit of t?
4
Let g = 7578 - 4150. What is the tens digit of g?
2
Suppose -5*w - b + 911 = 0, -3*w + 4*b = 8*b - 533. What is the units digit of w?
3
Let w(z) = z**3 - 13*z**2 + 2*z - 23. Let s be w(13). Suppose s*t - 3*r - 387 = 213, 0 = 4*t + 3*r - 800. What is the hundreds digit of t?
2
Let c be (-6)/9 + 12/18. Suppose 4*o - 443 = o + 5*p, -4*p - 4 = c. What is the hundreds digit of o?
1
Suppose 4*d = 5*p + 3590, d + 4*d = 3*p + 4494. Suppose 6*t = -4*t + d. What is the units digit of t?
0
Let m be 2/(-4) - 117/(-6). Let h = -14 + m. Suppose 4*c - 99 = h*f, 0*f + 2*f + 48 = 2*c. What is the units digit of c?
1
Let a = 17 - 14. Suppose 37 = a*b - 5*c, 5*b - 2*c - 23 = 7. Suppose b*x - 385 = -3*x. What is the units digit of x?
5
Let h = 174 + -390. Let w be (h/(-60))/(6/40). Let r = w + 7. What is the units digit of r?
1
Let y(f) = -2*f**3 + 5*f**3 + 4*f**2 + 5*f - 11*f + 1 - 2*f**3. Let d be y(-5). What is the units digit of (-1)/d - 427/(-42)?
0
Suppose 2*y + v = 80, 142 = 5*y - 2*y - 4*v. Let z be (y/(-15))/((-1)/25). Suppose -18 + z = 2*u. What is the units digit of u?
6
Let w = -72 - -120. Suppose w*k - 52*k = -572. What is the tens digit of k?
4
Suppose 4*o - 2*h + 21 - 39 = 0, 5*h + 5 = 0. Let l = -13 - -18. Suppose -513 = -l*v - o*v. What is the tens digit of v?
5
Let m(p) = 2*p**2 - 6*p + 10. Let f be m(2). Suppose 0 = -4*o - 4*z + 1180, 0 = -f*o + 10*o + 5*z - 1178. What is the tens digit of o?
9
What is the units digit of ((-20)/(-8) + 0)*(1 + 255)?
0
Let v(z) = 3*z**2 - 2*z + 17. Let r = 16 - 12. What is the tens digit of v(r)?
5
Let u be (-21)/(4/(112/(-6))). Suppose 4*f + u = 442. Suppose 4*l - 32 - 38 = 2*p, 0 = -5*l + 4*p + f. What is the units digit of l?
8
Let k = 3039 + -2065. What is the hundreds digit of k?
9
Suppose 0 = 3*p - j - 1833, 0 = 4*p - 0*j + j - 2437. What is the hundreds digit of p?
6
Suppose 30*d + 5*d = 17360. What is the units digit of d?
6
What is the hundreds digit of ((-60)/75)/(2/(-2210))?
8
Suppose k - 4*c = 16 + 9, -c - 10 = -k. Suppose 0 = -k*z - 4*n + 442, -2*n - 79 - 1 = -z. What is the units digit of z?
6
Suppose 5*t - 1 = -2*k, 12 = 3*k - 0*t - 3*t. What is the tens digit of 1 + k + 0 + 12?
1
Let j(a) = -17*a + 4. Let x be j(-4). Let c = x + -5. Let n = c + -44. What is the tens digit of n?
2
Suppose b + 1 = 0, -3*f + 2*f + 4*b = -2134. What is the thousands digit of f?
2
Let b be (0 + -262)/(-2) - 2. Let t = -25 + b. What is the tens digit of t?
0
Let b = 5780 - 2310. What is the hundreds digit of b?
4
Suppose -3*r = -7*r. Let h be 3 - 1*(r - 0). Suppose 5*i - 23 = -b + i, h*b = -i + 25. What is the units digit of b?
7
Let z = 8 - 4. Let f be (-3)/(-2)*z/(-6). What is the tens digit of 22 - (1/f - 2)?
2
Let r(g) = 518*g - 6. What is the tens digit of r(1)?
1
Suppose 5*u - 4*b - 111 = 0, 26 = -u + 2*u + 3*b. Let l = 71 - u. What is the units digit of l?
8
Let n be (117 - -4) + (-2)/(-3 + 5). Let v be (4 + 2/2)*1. Suppose -v*h + n = -h. What is the tens digit of h?
3
Let m(u) = u**3 - 3*u**2 - u + 3. Let i be m(3). Suppose 3*g - 26 = -w - i*g, w + 4*g - 21 = 0. What is the units digit of w?
1
Suppose 0 = -t - 4*h + 22, -3*t - 5*h + 21 = -2*h. Suppose -3*n = -5*n - 5*c + 90, 90 = t*n + 2*c. What is the tens digit of n?
4
Let z = 3001 + -266. What is the thousands digit of z?
2
Suppose -5*f - 2*c - 180 = 0, -3*f - 112 = 5*c - 3*c. Let x = -70 - f. Let v = x + 63. What is the tens digit of v?
2
Let i = 21 - -17. Let x be 20/30 + i/6. What is the tens digit of (4 - 2)*x/1?
1
Suppose -3*d = -3*m + m + 6, -5*m - 4*d = 8. Suppose m = i + n - 45 - 31, 4*i = 3*n + 283. What is the units digit of i?
3
What is the hundreds digit of ((-1)/(-4))/((-9)/(-5256))?
1
Suppose -r = 2*r - 4*x - 652, 0 = -4*r - 3*x + 886. Suppose 6*a = 212 + r. What is the units digit of a?
2
Let d(o) = 8 - o**3 + o + 0 + 0*o**3 + 1 - 7*o**2. Let t be d(-7). Suppose t*p = 5*h + 6*p - 246, 3*h - 2*p = 152. What is the tens digit of h?
5
Suppose 50 + 320 = 2*v. What is the units digit of v?
5
Let i(w) = -w +